+ u + 5*t - 12. Give d(-5).
-6
Let a(v) be the second derivative of -v**4/12 + v**3/2 - 7*v**2/2 - 15*v. What is a(5)?
-17
Let j(c) = -4*c + 17. Let b be j(3). Let v(s) = -s**3 - 8*s**2 + 3*s + 5. Let l(u) = -u**3 - u**2 - 1. Let n(z) = 2*l(z) - v(z). Calculate n(b).
3
Let z(p) = 2*p + 0*p + p - 4*p. Give z(2).
-2
Let u(o) = 3*o + 3. Let h = 2 - -2. Suppose 20 = -j - h*j. What is u(j)?
-9
Let g(x) be the third derivative of x**5/60 - 5*x**4/24 + 15*x**2. Calculate g(4).
-4
Let d(o) = 3*o**3 - o**2 + o + 2. Let n(m) = -m**3 - 1. Let u(v) = -d(v) - n(v). Calculate u(2).
-15
Let l = -96 - -100. Let v(c) = 5*c**3 - 36*c**2 + 31*c + 6. Let w(o) = o**3 - 7*o**2 + 6*o + 1. Let g(p) = -2*v(p) + 11*w(p). Calculate g(l).
-1
Let k(p) = p**3 - 4*p**2 - 3. Let y be k(4). Let h(d) be the third derivative of 0 - 1/24*d**4 + 8*d**2 + 0*d + 0*d**3. Give h(y).
3
Let p(y) = -3*y - 1. Let c = 41 + -36. Determine p(c).
-16
Let b(q) be the first derivative of -q**3/6 + q**2 + q - 2. Let i(t) be the first derivative of b(t). What is i(0)?
2
Let v(r) be the second derivative of r**5/20 - 2*r**4/3 + 7*r**3/6 - r**2/2 + 37*r. Determine v(7).
-1
Let n(m) be the third derivative of -m**7/2520 - 7*m**6/720 - m**5/20 + m**4/8 - 2*m**2. Let d(l) be the second derivative of n(l). Calculate d(-5).
4
Suppose -2*h = 7 + 3. Let m(c) = 3*c**3 - 2*c**2 - 5*c + 4. Let g(l) = -4*l**3 + 3*l**2 + 7*l - 6. Let i(q) = h*g(q) - 7*m(q). Give i(0).
2
Let m(d) = -2*d - 4. Let g(n) = 3*n + 3. Let h(b) = 3*g(b) + 4*m(b). What is h(3)?
-4
Let j(r) be the second derivative of 3*r**5/5 + r**3/6 + r**2/2 - 13*r. What is j(-1)?
-12
Let x be (-1 + (-3)/(-9))/((-2)/24). Let o(z) = -z**2 + 10*z - 3. Determine o(x).
13
Let u(k) = 1 + 0 + k + 4*k. Suppose -17*m = 11 + 6. Give u(m).
-4
Let i(p) = 6*p**2 + 3*p**2 + 1 + 2*p**2 - 6*p**2. Suppose 2*k + 1 = k. Calculate i(k).
6
Let t(o) = o. Let s(l) = -9*l + 1. Let p(b) = s(b) + 4*t(b). Determine p(-1).
6
Suppose -2*i - 5 = -7*i. Let f(j) = -4*j**2 - 2*j + 1. Calculate f(i).
-5
Let m(w) = w**3 + w**2 + w + 2. Let u be m(0). Let z(l) be the third derivative of 5*l**2 - 1/3*l**3 + 0*l + 0 + 1/60*l**5 - 1/24*l**4. Determine z(u).
0
Let q(r) be the third derivative of r**8/10080 + r**7/720 + r**6/180 + r**5/20 - 5*r**2. Let m(b) be the third derivative of q(b). Give m(-4).
8
Suppose 3*t = -2*x + 5, 4*t - 2*x - 1 = 1. Let s be 2/(-6) + 1/3. Let o = s + t. Let i(m) = 5*m**3 - m + 1. Give i(o).
5
Suppose -2*d + 5*d - 3 = 0. Let x(g) = 0 + 2 - d + g. Let s(o) = -o - 24. Let r be s(-21). Give x(r).
-2
Let k = -48 + 42. Let n(w) = -w**2 - 3*w + 7. Calculate n(k).
-11
Let a(g) = -3*g - 2. Suppose -h = -5*h + 2*f + 76, 3*f + 6 = 0. Let o be (12/2)/(6/h). Suppose 0 = -2*j + 3*t + o, -2*j + 1 = 2*t + 3. What is a(j)?
-11
Let q(w) = 3*w - 5. Let y(p) = -p**3 + 3*p**2 + 29*p - 3. Let d be y(7). What is q(d)?
7
Let v = 27 + -23. Let s(h) = h**2 - 7*h. Give s(v).
-12
Let z(j) = 4*j - 5. Let b(k) = k - 1. Let g(y) = 9*b(y) - 2*z(y). Let q = -32 - -30. What is g(q)?
-1
Suppose f + 3*o + 19 = 0, 0 = 2*f + 3*o - 2 + 25. Let s(z) be the first derivative of -2*z + 4 + 1/3*z**3 + 1/2*z**2. Calculate s(f).
10
Let n(o) be the third derivative of 0*o - 1/40*o**5 + 0 - 1/3*o**3 + 3*o**2 - 1/180*o**6 + 1/6*o**4. Let w(m) be the first derivative of n(m). What is w(-3)?
-5
Let s(q) = -q**3 + q**2 + 3*q + 2. Let t be s(-2). Suppose -2*a + 0*a = -t. Let c(l) be the first derivative of -l**2 + 6*l + 6. What is c(a)?
-2
Let z(q) = -3*q**3 - 15*q**2 - 11*q - 2. Let f(k) = -k**3 - 5*k**2 - 4*k - 1. Let a(x) = -7*f(x) + 2*z(x). Let h(v) = v - 4. Let w be h(0). Give a(w).
-5
Let i(y) = -y**2 - y - 1. Let p be i(-1). Let z = p - -1. Let b = z + 1. Let w(h) = h - 1. What is w(b)?
0
Let c = 185 - 89. Let d be c/36*3/(-2). Let w(x) = -x**3 - 4*x**2 + 3*x + 1. What is w(d)?
-11
Let z(s) = 3*s**3 - 2*s**2. Suppose 3*d = 3 + 6. Let c(u) = u - 1. Let t be c(d). Determine z(t).
16
Let h(t) = t**2 + 5*t + 1. Let b(d) = -d**3 - 13*d**2 - 13*d - 15. Let l be b(-12). What is h(l)?
-5
Let n(j) = -3*j + 7. Let d be ((-10)/3)/((-18)/27). Give n(d).
-8
Let n(j) = -4*j**2 - 8*j - 5. Let s(q) = 9*q**2 + 17*q + 11. Let x(k) = -7*n(k) - 3*s(k). Suppose 25 = -4*i - i. Give x(i).
2
Let x(q) be the second derivative of -3*q - 1/20*q**5 + 2/3*q**3 - 1/4*q**4 + 2*q**2 + 0. Determine x(-4).
4
Let k(s) = -4*s**2 - 9*s. Let w(h) = 5*h**2 + 10*h. Let j(v) = 4*k(v) + 3*w(v). Calculate j(-6).
0
Let y(x) = -5*x**3 - 2*x**3 + 3*x - 3*x**2 - 3 + 10*x**3. What is y(2)?
15
Let l(j) = -j**3 + 3*j**2 + j - 4. Let f = 33 - 30. Give l(f).
-1
Let r(i) = -i**3 - 5*i**2 - 6. Let n be (-4)/(-12) + (-48)/9. Determine r(n).
-6
Let n(h) be the third derivative of -h**4/24 - h**3/2 + h**2. Suppose -5*y = y. Suppose 3*f = -y*f. Determine n(f).
-3
Let r be 13/3 - 1/3. Let f be (6/r)/(-1)*2. Let i(d) = 10*d**2 + 3*d - 16. Let q(g) = -3*g**2 - g + 5. Let o(m) = 2*i(m) + 7*q(m). What is o(f)?
-3
Let g(x) be the first derivative of x**4/4 + 7*x**3/3 + 7*x**2/2 + 8*x + 9. What is g(-6)?
2
Let l(m) = -m**3 - 5*m**2 - 4*m - 3. Let j be 4/14 - (-270)/(-63). Calculate l(j).
-3
Let c(y) = -7*y - 1. Suppose -4*b + 2*o = -o - 9, 0 = -b - 3*o + 6. Suppose -2*v + 15 = 3*v, b*v - 2 = -q. Let i be q/9 + 4/(-18). Give c(i).
6
Suppose -3*c - f + 4 = 0, -3*c - 2*f + 2 = 3. Let d(j) be the first derivative of 1/3*j**c - 7/2*j**2 - 2 + 6*j. Determine d(5).
-4
Let p(s) = s**3 - 2*s**2 - 2*s + 2. Suppose k = 4*d + 10, 0 = 3*k + 7 - 1. Let y = 5 + d. Suppose -4*x - y = -14. What is p(x)?
5
Let g(h) = -3*h. Let o be (-40)/(-25) - 6/(-15). Give g(o).
-6
Let v(b) = b**2 - 3*b - 4. Let h(f) = 3*f + 4*f**2 - 3 - 2*f + 4 - 3 + f**3. Let t be h(-3). Determine v(t).
0
Let r(n) = 2*n - 7. Let l be r(3). Let v(q) = 5*q + 1. What is v(l)?
-4
Let c(h) = -h + 8. Let o be c(7). Suppose 2*j - 3 = o. Let u(r) = r**2 + 2*r + 4. Let t(v) = v**2 + 1. Let d(y) = -3*t(y) + u(y). Give d(j).
-3
Suppose -4 = -4*z + 4*y, -3*y + 18 = z + 3*z. Let h(a) = a**3 - a - 7. Let n(d) = d**3 + d**2 - 6. Let r(j) = z*h(j) - 4*n(j). Give r(-3).
3
Let u(o) = -o**2 + 2*o + 3. Let m(f) = -2*f**2 + 3*f + 7. Let b(y) = 3*m(y) - 7*u(y). Let p(c) = 4*c**3 + c**2 - c + 1. Let k be p(1). Give b(k).
0
Let q be 26/(-8) + 2/8. Suppose 7*i - 15 = 4*i. Let a(m) = m**3 + 4*m**2 + 4. Let j(n) = 2*n**3 + 9*n**2 + 8. Let t(k) = i*a(k) - 2*j(k). Determine t(q).
-5
Let b(m) = -m**2 + m + 1. Let p = 15 + -15. Determine b(p).
1
Let v(r) = 0 + 4*r - 8*r + 2. Suppose 7*k - 4*k = 6. Determine v(k).
-6
Let k(b) = -b**2 - 24*b + 84. Let p be k(-27). Let y(a) = 4*a**2 - 4*a + 1. What is y(p)?
25
Let n(q) = q**3 + 8*q**2 + 9*q + 13. Let b be n(-7). Let c(j) = 12*j**2 - 1. What is c(b)?
11
Let b(l) = -l**3 + 4*l**2 - 4*l + 2. Suppose -3*r + 5*r = -5*s, -4*r - 22 = -s. Suppose -h = s - 5. Calculate b(h).
-1
Let n(f) be the third derivative of f**5/60 - f**4/24 - f**3 + f**2. Suppose 0 = -4*h + 5*v - 7 - 13, -16 = 2*h - 4*v. Calculate n(h).
-6
Let y(m) be the third derivative of m**6/120 + 7*m**5/60 + 5*m**4/24 - m**3/6 - 2*m**2 - 2*m. Let q(o) = 2*o. Let v be q(-3). Calculate y(v).
5
Let g(z) be the second derivative of z**5/20 + z**4/3 - 5*z**3/6 - 7*z**2/2 - 3*z. What is g(-5)?
-7
Let b(f) be the first derivative of f**2/2 - 9*f - 2. Suppose 2*o + 3*o = -10. Let r be (9 + -2)*1 + o. Calculate b(r).
-4
Let c(v) be the first derivative of v**6/120 + v**5/60 - 2*v**3/3 - 5*v**2 + 9. Let l(o) be the second derivative of c(o). Suppose -y - y = 0. Determine l(y).
-4
Let i(u) = -u**2 - 11*u - 3. Let g be i(-11). Let p(t) = 5*t**2 + t + 2. Let j = -11 + 17. Let l(h) = -h**2 - h - 1. Let x(q) = j*l(q) + p(q). What is x(g)?
2
Let p(a) be the second derivative of a + 1/12*a**4 + 0 + a**2 - 1/20*a**5 - 1/6*a**3. Determine p(0).
2
Let q = -5 + 10. Let n(z) = 4*z - 5*z + 14 - q. Determine n(6).
3
Let l(h) = 4*h**2 + 1 + 4*h + 1 - 71*h**3 + 72*h**3. What is l(-2)?
2
Let j(z) = z + 3. Let i be j(-5). Let h = 4 - i. Let v(b) = -b. Determine v(h).
-6
Let s(z) = z**2 - 6*z - 2. Let u(d) = -d**3 + 4*d**2 + 5*d - 2. Let m be u(4). Let y = m - 12. Let h = y + -1. What is s(h)?
-7
Let p(o) be the second derivative of -7*o**5/20 - o**4/6 + o**2/2 - 5*o. What is p(-1)?
6
Let o(f) = -f**2 - 3*f - 5*f - 5 + 0*f. Determine o(-4).
11
Let f = 14 + -10. Let w(